and 592?
8
What is the highest common factor of 44 and 3516601?
11
What is the greatest common divisor of 56 and 61432?
56
What is the greatest common divisor of 52078 and 52?
26
What is the greatest common factor of 1862 and 4541?
19
Calculate the highest common factor of 496 and 59768.
248
Calculate the greatest common factor of 101484 and 1476.
36
Calculate the highest common divisor of 3221 and 9.
1
Calculate the greatest common factor of 1055 and 39668.
211
Calculate the greatest common divisor of 184 and 1663406.
46
Calculate the highest common factor of 973882 and 182.
182
What is the greatest common factor of 6 and 1536?
6
What is the highest common factor of 7180 and 10460?
20
What is the greatest common factor of 20831 and 269114?
563
What is the greatest common divisor of 721 and 24308?
103
What is the greatest common factor of 53 and 1005?
1
Calculate the greatest common factor of 3 and 116373.
3
Calculate the greatest common divisor of 1514158 and 794.
794
What is the greatest common factor of 4781080 and 2?
2
What is the greatest common divisor of 393 and 1121622?
393
What is the highest common divisor of 551147 and 265?
53
What is the highest common divisor of 38267 and 17?
17
Calculate the greatest common divisor of 188802 and 36.
18
What is the greatest common divisor of 7903 and 49?
7
Calculate the greatest common factor of 3426 and 48.
6
Calculate the greatest common factor of 129391 and 1.
1
What is the highest common divisor of 646427 and 259?
37
What is the highest common divisor of 188 and 1804800?
188
What is the greatest common factor of 374608 and 64?
16
What is the greatest common divisor of 11124 and 31209?
309
Calculate the highest common factor of 39289 and 11281.
389
Calculate the highest common factor of 46 and 113413.
23
Calculate the greatest common factor of 9020 and 6215.
55
What is the highest common divisor of 9416 and 749?
107
Calculate the greatest common divisor of 3542 and 11550.
154
Calculate the greatest common divisor of 2056354 and 1054.
1054
Calculate the highest common factor of 1938 and 713830.
646
Calculate the greatest common divisor of 202188 and 332.
332
Calculate the highest common divisor of 1265199 and 351.
39
Calculate the greatest common divisor of 2954 and 7000.
14
What is the greatest common divisor of 18870 and 185?
185
What is the highest common divisor of 68 and 22016?
4
Calculate the greatest common divisor of 126 and 38220.
42
What is the greatest common factor of 18531 and 609?
87
What is the highest common divisor of 2048060 and 700?
140
What is the highest common factor of 1440 and 307584?
288
What is the greatest common divisor of 1792 and 336?
112
What is the greatest common factor of 5016 and 407352?
264
What is the highest common divisor of 5080303 and 313?
313
Calculate the greatest common divisor of 433188 and 540.
108
Calculate the greatest common factor of 144523 and 43.
43
Calculate the highest common factor of 1924 and 195.
13
What is the greatest common factor of 134 and 1831646?
134
Calculate the greatest common factor of 55 and 4169.
11
Calculate the greatest common divisor of 104799 and 115800.
579
Calculate the highest common divisor of 66 and 272778.
66
Calculate the greatest common divisor of 536085 and 722.
361
What is the highest common factor of 372 and 320788?
124
Calculate the highest common divisor of 8430 and 2190.
30
What is the highest common divisor of 38130 and 465?
465
Calculate the highest common divisor of 28 and 62314.
14
What is the greatest common divisor of 1159 and 259921?
61
What is the greatest common factor of 47790 and 126?
18
Calculate the highest common factor of 2430 and 18.
18
Calculate the highest common factor of 1235 and 3055.
65
Calculate the greatest common divisor of 2772 and 251064.
396
What is the highest common factor of 124 and 288?
4
Calculate the greatest common factor of 13 and 41717.
13
Calculate the greatest common divisor of 690998 and 2156.
1078
What is the highest common factor of 36 and 159892?
4
Calculate the highest common factor of 1 and 42264.
1
What is the greatest common divisor of 740149 and 67?
67
Calculate the highest common factor of 320 and 20352.
64
What is the highest common divisor of 38752 and 4312?
56
What is the greatest common divisor of 60 and 4108?
4
Calculate the greatest common divisor of 215730 and 47.
47
What is the highest common factor of 583 and 106?
53
Calculate the greatest common divisor of 20 and 70590.
10
Calculate the greatest common factor of 1785816 and 153.
153
Calculate the highest common factor of 14933 and 1507.
137
What is the greatest common factor of 9 and 13077?
9
Calculate the greatest common divisor of 95 and 46379.
19
What is the highest common factor of 275 and 10296?
11
Calculate the highest common divisor of 549 and 6819129.
549
What is the greatest common divisor of 13167 and 44?
11
What is the greatest common factor of 662837 and 161?
161
Calculate the greatest common factor of 27261 and 234.
117
Calculate the greatest common factor of 1456 and 4208.
16
What is the highest common factor of 5378172 and 296?
148
What is the greatest common divisor of 34486 and 86?
86
What is the greatest common factor of 12 and 179?
1
What is the greatest common divisor of 73728 and 12?
12
What is the greatest common divisor of 28193 and 19602?
121
Calculate the greatest common factor of 1628 and 897842.
814
What is the highest common factor of 10917 and 219553?
1213
What is the greatest common divisor of 79768 and 2392?
104
Calculate the highest common factor of 221 and 130949.
13
Calculate the highest common factor of 407 and 49973.
11
What is the highest common factor of 3430 and 240?
10
What is the highest common divisor of 691 and 57353?
691
Calculate the greatest common divisor of 12549 and 19599.
141
What is the greatest common factor of 648 and 10440?
72
What is the greatest common factor of 7021 and 833?
119
Calculate the greatest common factor of 84836 and 508.
508
Calculate the highest common factor of 360 and 13788.
36
What is the highest common factor of 107 and 678594?
107
What is the greatest common divisor of 4796 and 4972?
44
Calculate the greatest common factor of 1976 and 8008.
104
Calculate the greatest common factor of 750 and 4585.
5
Calculate the greatest common factor of 261056 and 832.
64
What is the greatest common divisor of 1187462 and 76?
38
Calculate the greatest common factor of 8 and 243224.
8
Calculate the highest common divisor of 75 and 20350.
25
What is the greatest common divisor of 495 and 39435?
165
Calculate the highest common divisor of 174087 and 828.
207
What is the greatest common divisor of 210 and 14730?
30
Calculate the greatest common factor of 12 and 45688.
4
What is the highest common factor of 4625 and 800?
25
Calculate the highest common divisor of 60 and 5790.
30
What is the highest common divisor of 1791830 and 1180?
590
What is the highest common divisor of 46 and 1511974?
46
Calculate the highest common factor of 4 and 35696.
4
What is the greatest common factor of 436 and 304?
4
What is the highest common divisor of 49732 and 1?
1
What is the highest common divisor of 161032 and 8?
8
What is the highest common factor of 7738 and 1908?
106
What is the highest common factor of 152 and 3078?
38
Calculate the greatest common factor of 1887 and 1133754.
111
What is the greatest common divisor of 6741 and 2772?
63
What is the highest common factor of 7420 and 2180?
20
Calculate the highest common divisor of 2962336 and 416.
416
Calculate the highest common divisor of 151870 and 10.
10
Calculate the greatest common divisor of 236777 and 97.
97
What is the greatest common divisor of 3166970 and 5?
5
What is the highest common factor of 12 and 437184?
12
What is the highest common factor of 1703 and 1378?
13
What is the highest common divisor of 187512 and 16?
8
What is the highest common divisor of 2655 and 2115?
45
Calculate the greatest common factor of 3848 and 216968.
296
Calculate the highest common factor of 2370 and 21480.
30
Calculate the highest common divisor of 13305 and 4.
1
Calculate the highest common factor of 7344 and 47088.
432
Calculate the greatest common factor of 1914 and 3422.
58
What is the highest common di